Let m be -3 - (-14 - (-1 - v)). Let x = m - 12. Let a(l) = l**3 - 4*l - 3. Determine a(x).
-3
Suppose w = 4*w. Let j(x) be the second derivative of 0*x**3 + 1/12*x**4 - x**2 + 0 + 3*x. Calculate j(w).
-2
Suppose -p - 13 = -2*p. Suppose 4*f - p = -1. Let l(v) be the first derivative of -v**3/3 + v**2/2 + v + 5. Determine l(f).
-5
Let i(q) = q**3 + 2*q**2 - 4*q + 1. Let o = 29 - 25. Suppose -2*p = -o*r + 14, 5*p + r + 11 = -r. Determine i(p).
4
Suppose -4*o = -8 - 12, 5*r - 5*o - 50 = 0. Let a be 7 + (-7)/(35/r). Let h(b) = b**3 - 3*b**2 - 3*b + 5. What is h(a)?
9
Let d(n) = -2*n + 26. Let o = -2081 + 2088. Calculate d(o).
12
Let m(h) be the first derivative of -h**4/4 - 5*h**3/3 + h**2 + 1. Suppose -4*x + 9*x = 115. Suppose 43 = -4*r + x. Determine m(r).
-10
Let w(d) = -d**3 - 8*d**2 + 7*d - 15. Let r(f) = 9*f**3 - f**2 + 6*f + 7. Let s be r(-1). Calculate w(s).
3
Let n be 8/6*171/38. Let z(r) = -2*r + 3 - n*r - 165*r**2 + 166*r**2. Give z(5).
-12
Suppose 86*j = 85*j + 3. Let v(f) = -f**3 + 3*f**2 - 5*f + 4. Calculate v(j).
-11
Let y(r) = r - 4. Let z(u) = 4*u - 1. Let t be z(1). Let x(o) = o**3 - 4*o**2 - o + 4. Let i be x(t). Let s be (-18)/5 - i/(-20). What is y(s)?
-8
Let j(y) = -19 + 14 - 4*y**2 - 2*y**3 + 2*y**3 - y**3. Determine j(-4).
-5
Let z = -1652 - -1650. Let r(g) = 2*g**3 + 4*g**2 - 5*g - 7. Calculate r(z).
3
Let l(j) be the second derivative of -j**5/20 - j**4 - 2*j**3 - 13*j**2/2 - 39*j + 5. Calculate l(-11).
-2
Let m = -499 - -481. Let i(v) = -v**3 - 19*v**2 - 17*v + 6. Calculate i(m).
-12
Let a(u) = 6*u - 1. Let b = 849 + -847. Determine a(b).
11
Let h(s) = 17. Let p(r) = r + 84. Let t(q) = 11*h(q) - 2*p(q). Give t(11).
-3
Suppose -11*y - 6 = -39. Let q be (2/y)/((-4)/42). Let p(x) = x**3 + 7*x**2 + x + 6. Calculate p(q).
-1
Let g(v) = 1 + 2*v - 72*v**2 + 0 - 78*v**2 + 144*v**2. Give g(-2).
-27
Let i(h) = 6*h. Let n be (8/16)/((-1)/2). What is i(n)?
-6
Let f(q) = -q**3 + 9*q**2 + q - 3. Let a be ((-64)/24)/((-8)/(-6) - 2). Let r(u) = u**3 - 8*u**2 - u + 2. Let k(o) = a*r(o) + 3*f(o). Give k(5).
-6
Let o = -59 - -76. Let b(d) = o*d - 26*d + 10*d. Suppose g - 5*m - 1 = -19, 0 = 3*m - 15. Give b(g).
7
Let k(w) be the third derivative of 0*w + 1/60*w**5 + 0 - 30*w**2 - 1/6*w**3 + 1/12*w**4. What is k(1)?
2
Let r(w) = -w**3 - 11*w**2 + 2*w + 27. Let i be (-2 - 1 - 2*-7)*-1. Determine r(i).
5
Let x(o) = 19*o + 6 - 106*o + o**2 + 29*o + 30*o + 23*o. What is x(3)?
0
Let u(p) = -18*p - 2 - 3 + 8 + 19*p. Give u(-2).
1
Let c(s) = -s**3 - 6*s**2 - 5*s + 4. Let z = 1453 + -1456. Calculate c(z).
-8
Let g(q) = 3*q**2 + 8*q - 4*q - 4 - 2*q**2. Let l(o) = -o**2 - 4*o + 7. Let d be l(-6). Give g(d).
1
Let h(c) = -c**2 - 5*c - 4. Let a(x) = -4*x - 3. Let o(b) = -4*a(b) + 3*h(b). Suppose 37 = -2*s + 35. Give o(s).
-4
Let x(l) = 11*l**2 - l. Let s(n) = n**2 - 10*n - 27. Let q be s(12). Let a be (-9)/(-18)*(q - -1). Give x(a).
12
Let b(d) = -d**2 + 10*d + 14. Let u be b(11). Let y(k) = -21 - k**u - k**2 + 2*k**3 - 4*k + 24. Determine y(2).
-1
Let d = -125 + 127. Let h(z) = 14 - d*z - 11 + 2. Determine h(5).
-5
Let p be (-7 - 285/(-45))/(4/54). Let a(m) = -m**3 - 8*m**2 + 9*m + 3. Give a(p).
3
Let h(q) be the second derivative of -q**5/20 - q**4/12 + q**3/6 + 3*q**2/2 + 3*q. Suppose -5*x = -2*x + 2*c + 8, -2*x - 2*c - 8 = 0. Give h(x).
3
Let m be 4/14 - 1316/(-196). Let c(f) = -7*f**2 + 9*f - 7. Let k(u) = -8*u**2 + 9*u - 7. Let b(i) = 7*c(i) - 6*k(i). Determine b(m).
7
Let n(a) be the second derivative of -1/2*a**2 + 0 + 1/2*a**3 + a. Let f(d) = -d**2 + 6*d - 1. Let i be f(6). Calculate n(i).
-4
Let w(u) be the first derivative of u**7/840 + u**6/90 + u**4/6 - 19*u**3/3 - 22. Let c(p) be the third derivative of w(p). Determine c(-3).
13
Let m(c) = 2*c - 10. Suppose -3*k + 0*g + 12 = 4*g, 4*k - 5*g = -15. Let t be k + ((-12)/3 - -12). What is m(t)?
6
Let q = -889 - -885. Let b(i) = -2*i + 3. Determine b(q).
11
Let k(i) = -3*i**3 + 2*i - 1. Let j(o) = -o**2 - 1. Let p(g) = g**3 + 7*g**2 + 8*g + 7. Let f(l) = -j(l) + p(l). Let a be f(-7). Give k(a).
-2
Let y(d) = 3*d**2 + 15*d + 10. Let a(m) = 2*m**2 + 9*m + 6. Let i(g) = 5*a(g) - 3*y(g). Determine i(5).
25
Let a(r) = -r**2 - 37*r - 245. Let c be a(-9). Let s(k) = 5*k**2 - 12*k - 3. Let w(b) = -4*b**2 + 11*b + 4. Let o(j) = -3*s(j) - 4*w(j). Give o(c).
-14
Let j(i) = -3*i - 2*i**2 - 13*i**3 + 24*i**3 - 6*i**3 - 6*i**3. Determine j(-3).
18
Suppose -2*q + 2*r = 6*r + 20, -2*r - 10 = -3*q. Suppose -5*y - 4*m - 15 = q, -2*y - 4 = -m + 2. Let j(k) = 5*k + 3. Determine j(y).
-12
Let w(s) = s**3 - 6*s**2 - 6*s + 5. Let k be (-4 - -5)*((-1 - -2) + 6). What is w(k)?
12
Let q(v) = -v**3 + 17*v**2 + 18*v. Let u = 13 + 5. Determine q(u).
0
Let p(s) = -7*s**2 - 7*s + 20. Let l(w) = -20*w**2 - 21*w + 59. Let v(m) = -6*l(m) + 17*p(m). What is v(-8)?
-6
Let c(u) = -u**3 - 7*u**2 + 4*u - 3. Let t(d) = d**2 + d - 1. Let j be (-1)/(-3) + ((-70)/(-15))/(-2). Let i(o) = j*t(o) - c(o). Give i(-6).
5
Let z be (-84)/35*(-80)/(-6). Let j = z + 38. Let h(o) = -o**3 + 7*o**2 - 5*o + 2. Give h(j).
8
Suppose 9 = 2*n + 3. Suppose j + 76 + 3 = 3*o, -5*j - 59 = -n*o. Suppose 0 = -5*b + 4*t + o, 3*b - 16 - 2 = 3*t. Let x(w) = 2*w + 5. Give x(b).
13
Let b(p) be the third derivative of 0 + 6*p**2 + 5/6*p**3 - 1/3*p**4 - 1/12*p**5 + 1/120*p**6 + 0*p. Suppose -5*v + 30 = -0*v. Calculate b(v).
-7
Let q(m) be the first derivative of 3*m**2/2 - 53*m + 152. Calculate q(16).
-5
Suppose -5*r - 6 = -11. Suppose 5 = 2*p + r. Let d(s) = -9*s - 2 + 17*s - 7*s. Determine d(p).
0
Let s(k) = -4*k**3 - k**2 - 3*k - 2. Suppose 14*l - 7 = 21*l. Give s(l).
4
Let j(t) be the third derivative of t**5/60 - t**4/24 - t**3 + 2*t**2 - 81. What is j(0)?
-6
Let r(l) = -20*l + 5. Let w(g) = -58*g + 14. Let d(v) = 11*r(v) - 4*w(v). Give d(2).
23
Let t be (-29)/87*(2 - 2). Let y(g) be the third derivative of 0*g + 1/60*g**5 + t - 1/8*g**4 + 4*g**2 - g**3. Calculate y(5).
4
Let m(x) = -x + 17. Suppose 12*q = -0*q + 96. What is m(q)?
9
Let r be 17*(0 - (0 + -1)). Let x be r/(-4) + 2/8. Let b(f) be the first derivative of -f**2/2 - 5*f - 28. Determine b(x).
-1
Let a(q) = -q**2 + q + 1. Let t(n) = n**3 - 5*n**2 + 6*n + 6. Let d(y) = -5*a(y) + t(y). Let b be (198/(-495))/(1/5). Calculate d(b).
-9
Suppose -5*l = -3*l + 10. Let k be l*-2*(-3)/(-6). Let r(d) = -d**3 + 6*d**2 - 8*d + 6. Give r(k).
-9
Let s(h) = h**2 + 3*h. Let r(j) = j + 5. Let p be r(-3). Suppose -p*n - 4*y - 2 = -9*y, -5*y - 28 = 3*n. Let t be 26/(-7) - n/(-21). Give s(t).
4
Suppose 3*r + 12 = 2*a + a, 3*r + 2*a - 3 = 0. Let c(g) = 0*g**2 - 1 + 0 + 4*g**2 - g. Determine c(r).
4
Let y(s) = -7*s**3 + s. Suppose 3*d - 2*a - 1 = 0, 75*a - 5 = -5*d + 80*a. What is y(d)?
6
Let d(y) be the first derivative of -y**2/2 + 5*y - 114. Calculate d(4).
1
Let a(f) = -24*f - 257. Let h be a(-11). Let d(n) = -n**3 + 6*n**2 + 5*n. What is d(h)?
-14
Let f be 1 + -1 + 2 + 1. Let h be 1 + f + -3 + 2. Let l(d) = 4*d**2 - d**3 + d**2 + 4*d + 9 - h - 5*d. What is l(5)?
1
Let p(t) = -t**3 + 25*t**2 - 17*t + 26. Let i(m) = 2*m**3 - 52*m**2 + 33*m - 52. Let r(s) = -3*i(s) - 7*p(s). Give r(18).
10
Let o(j) = -j + 3 + 3 - 5. Let l(a) = a**2 - a - 2. Let m(k) = -l(k) - 5*o(k). Determine m(3).
6
Let v(n) = 58*n - 48. Let m(w) = -7*w. Let c(d) = 8*m(d) + v(d). What is c(23)?
-2
Let g(z) = -z**3 + 3*z**2 - 4*z + 6. Let o be g(3). Let k(r) = r**3 - 3*r**2 - 2*r + 3. Let j be k(3). Let i = j - o. Let c(t) = 3*t - 3. What is c(i)?
6
Let z(h) = h**2 - 14*h - 12. Let y be z(15). Let c(a) = 5*a**3 + 0*a**3 + a**3 - 7*a**y - 9 + 8*a + 6*a**2. Calculate c(7).
-2
Let r(b) = -10*b - 5. Let y be r(-2). Let i(c) = -2*c - 5*c - 6*c + 14*c + y. Calculate i(-11).
4
Let v(p) = -p**2 + 23*p + 2. Let f = -2450 + 2473. Calculate v(f).
2
Suppose 0 = 2*k + 4*n - 194, 5*n + 2 + 333 = 3*k. Let m = k + -105. Let i(w) = w - 13. Calculate i(m).
-13
Let m(p) be the third derivative of p**6/10 + p**5/60 + p**2 - 89. Give m(-1).
-11
Suppose -3*o - 2*o - 71 = 2*b, 4*o + 3*b = -61. Let g be (15 + -3)/(4/8). Let m be (-12)/78 + g/o. Let s(t) = -3*t. Calculate s(m).
6
Let p(h) = -2 + h**2 + 3*h - h**3 + 3*h**3 - h**3 - 6*h**2. Calculate p(4).
-6
Suppose 26 = 4*i - 2. Let k(z) = 6*z**3 + 29*z**2 - 18*z + 20. Let r(v) = -v**3 - 6*v**2 + 4*v - 4. Let c(l) = -2*k(l) - 